((-6)/7)/((-4)/(-14)). What is the tens digit of 0*r/9 - (26 + -556)?
3
Suppose l + 223 - 963 = 0. Suppose -131*c + l = -130*c. What is the tens digit of c?
4
Let q(p) = -p - 25. Let h be q(-11). Let l = h - -11. What is the tens digit of 0 + -3 + (-14)/(-1) - l?
1
Let t = 106458 + -26756. What is the ten thousands digit of t?
7
Let d(h) = h**2 + 14*h + 412 - 205 - 195. What is the thousands digit of d(-43)?
1
Let g(l) = 761*l - 212. Let d(y) = -380*y + 107. Let m(s) = 5*d(s) + 3*g(s). What is the hundreds digit of m(3)?
0
Let o = 206 + -4. Suppose -t - 162 = o. What is the tens digit of (t - -10)*2/(-4)?
7
Let p(i) be the first derivative of 75*i**2/2 + 54*i + 129. What is the units digit of p(18)?
4
Suppose 5*p = 3*q - 47, 5*q - 2*p + 0*p - 53 = 0. What is the thousands digit of (275/33 - q) + (-12291)/(-9)?
1
Let v(k) be the first derivative of -12*k - 3/2*k**2 + 44. What is the units digit of v(-7)?
9
Let p(g) = 17*g + 4*g + g + 5 + 0*g. Let r be p(3). Let z = r - 57. What is the units digit of z?
4
Suppose 0 = -152*k + 7368151 + 993521. What is the thousands digit of k?
5
Let y(k) = 3*k**2 - 3*k + 3. Let r = 90 + -94. What is the units digit of y(r)?
3
Suppose -2*y = 4*y + 1308. Let a = 132 - y. What is the tens digit of a?
5
Let t be ((-19)/2 - 0) + (-13)/(-26). Let a be (((-11)/(-3))/1)/(t/27). What is the tens digit of 194/2 - 11/(a/(-2))?
9
Let w(h) be the third derivative of -217*h**4/24 - 22*h**3/3 - 49*h**2. What is the hundreds digit of w(-4)?
8
Suppose w - 7285 = -5*p, -4*p + 10246 + 11653 = 3*w. Suppose -5295 = -15*m + w. What is the units digit of m?
0
Suppose -8*k - 37800 = 13*k. Let d = -1217 - k. What is the tens digit of d?
8
Let i = 37 - 41. Let k be 36/6 + (i - -3). Suppose -4*r = 3*u - 35, r - k*u = 14 + 12. What is the units digit of r?
1
Suppose -u - 38 = -h - 8, 8 = 4*u. Suppose -3192 = -h*i + 13*i. What is the units digit of i?
8
Let v = 21 + -25. What is the hundreds digit of -4 - ((v - -3) + -3 - 223)?
2
Suppose 2*l + a + 1 = -0*a, 0 = 4*l - a - 7. Let o be -28*(3 - l - 3). What is the tens digit of ((-35)/o)/((-1)/36)?
4
Suppose -6*b + 4*b = -9*b. Suppose b = -4*z - 0*z. What is the tens digit of (-1)/(z - 1) + 62?
6
Let z(j) = -j**2 - 37*j - 129. Suppose -3*l + 24 = 9, 23 = -b - l. What is the tens digit of z(b)?
2
Let c(p) = -30*p - 87. Let l be c(-3). Suppose 2*o = -5*u + 1814, -u = l*u + 8. What is the hundreds digit of o?
9
Suppose 2*n - 3*k + 45 = 3, n = -k - 11. Let j(v) = 2*v**2 - 17*v - 31. What is the tens digit of j(n)?
7
Suppose 4*w + 27*j - 26*j - 309705 = 0, 2*w - 154812 = 4*j. What is the ten thousands digit of w?
7
Let a be 6312*(28/(-8) - -3)/(-1). Suppose 61*q - a = 55*q. What is the units digit of q?
6
Let p(u) = 25*u**2 + 7*u + 14. Let f(v) = v**3 + 12*v**2 - 14*v - 18. Let y be f(-13). What is the units digit of p(y)?
4
Let w be 1*-210*(1 - 2). Suppose 1976*h - 4838 = 2035*h. Let u = w + h. What is the units digit of u?
8
Let t(z) = -4466*z + 1562. What is the tens digit of t(-6)?
5
Let i(b) = -478*b - 2463. What is the units digit of i(-64)?
9
Let n(l) = -42*l - 680. Let u be n(-11). Let m be 1 + 786/(-2)*-1. Let q = u + m. What is the tens digit of q?
7
Let h(k) = 19943*k**2 + 116*k + 114. What is the tens digit of h(-1)?
4
Let z = -2267 - -1439. What is the hundreds digit of (66/(-12) + 5)*z?
4
Let z(g) = g**3 + 9*g**2 + 8*g - 1. Let v be z(-8). Let w(n) = -n**3 + n**2 + 2*n + 1. Let b be w(v). Suppose 2*m + b - 73 = 0. What is the units digit of m?
6
Let t(f) = 2. Let n(d) = 439*d + 57. Let u(x) = -n(x) - t(x). What is the tens digit of u(-2)?
1
Suppose -6*m + 3*m - 2*t = -990, 3*t = m - 341. Let n = m - -384. What is the tens digit of n?
1
Suppose 5*g - 2*z - 172 = 0, 2*g - z + 112 = 5*g. Suppose 5*r - 3*l = g, -11 = 4*l - 3. What is the units digit of ((-160)/6)/(-4)*r/1?
0
Let z = 323 - -96. Suppose 0 = g - 2*k - 145 + 4, -4*k - z = -3*g. What is the hundreds digit of g?
1
What is the tens digit of (-95 + 103)/((-4)/(-2181))?
6
Suppose -3*k - 1241 = -5*m, -m = 3*m - 4*k - 996. Suppose -33 - m = -7*c. Suppose -c*w + 35*w + 640 = 0. What is the tens digit of w?
2
Let r(q) = -q**3 - 3*q + 87. Suppose 5*v = -2*j - 6, 0 = -j - 5*v + 2 - 15. Let y be (14/(-4))/j*(-6 + 6). What is the tens digit of r(y)?
8
Suppose -85974 = 1702*c - 1708*c. What is the units digit of c?
9
Let t(p) = 23*p**2 - 19*p + 33. Let h(y) = -23*y**2 + 17*y - 32. Let s(l) = -4*h(l) - 3*t(l). What is the units digit of s(3)?
3
Let w(g) = -15 + 1 + 2 + 6*g - g**2 - 19*g. Let i be w(-12). Suppose i = 4*r - 2*l + 4*l - 238, 3 = 3*l. What is the tens digit of r?
5
What is the hundreds digit of (-375086)/(-17) - 2 - 436/(-3706)?
0
What is the ten thousands digit of (6719 + -147)*(4 + 4)?
5
Let r(u) = -4*u + 17. Let s be r(-4). Let m = s - 40. What is the units digit of m/3 - -3 - (-178)/3?
0
Let r(u) = -u**3 + 23*u**2 - 24*u - 108. Let x be r(21). Let v = x + -2. What is the hundreds digit of v?
2
Suppose 87*t - 39*t - 456582 = 34*t. What is the units digit of t?
3
Suppose 0 = -b + 6*s + 19244, 96220 = 5*b - 44*s + 45*s. What is the units digit of b?
4
Suppose -2*k + 3 + 17 = -2*s, 3*s + 40 = 5*k. Suppose -k*p + 7*y = 2*y + 415, 3*p = -5*y - 249. What is the units digit of -3*(-1)/(-3)*p?
3
Let k = 1567 - -3501. What is the units digit of k?
8
Let f = 24 - 8. Let p be f/6 + (-2)/(-6). What is the units digit of p/(21/2) + (-131)/(-7)?
9
Let y = 87713 - 46934. What is the ten thousands digit of y?
4
Let f = -762 + 2233. What is the tens digit of f?
7
Let m(c) = 2607*c**2 + 3*c + 3. Let u be m(-1). What is the hundreds digit of 2/3*u/11?
1
Let x be 1 - ((-12)/(-4) - 1). Let g be (10/5 + x)*169. Suppose -b = -r - 173, -2*b + 5*r + 171 + g = 0. What is the units digit of b?
5
Suppose -259 = -2*v - 3*m, -3*v + 7*m = 2*m - 341. Suppose -941 + v = -3*i. What is the hundreds digit of i?
2
Let r(c) = -1117*c**3 - 2*c**2 + 12*c - 6. What is the hundreds digit of r(-3)?
0
Let r = -173 - -177. Suppose r*u + w = 1906, 1232 = 5*u + 3*w - 1154. What is the tens digit of u?
7
Suppose 5 = -6*i + 23. Suppose 0 = 2*t - 127 - i. Let o = 173 - t. What is the units digit of o?
8
Let v = 109 + -108. What is the units digit of 321/2*(3 - v)?
1
Let o(j) = 12*j - 7. Let z(i) = -i**2 + 21*i - 36. Suppose 0*g + 4 = -g, -5*y = -4*g - 111. Let q be z(y). What is the tens digit of o(q)?
1
Let m(j) = 29*j**2 - 7*j - 110. What is the hundreds digit of m(-12)?
1
Let o be (-6)/8*(2 - 0)*6. Let g be (-1)/(-1)*(o + 8). What is the units digit of -89*g/(-2)*(-4 - -2)?
9
Suppose 5383565 = 131*k - 1281846. What is the tens digit of k?
8
Suppose -12*u = 8*u + 200. What is the tens digit of (255/153)/(u/(-732))?
2
Let w = 382 - 391. What is the units digit of (-155)/93 + (-1275)/w + 1?
1
Let x = -1316 - -2474. What is the hundreds digit of x?
1
Let l(a) = 362*a + 23623. What is the tens digit of l(40)?
0
Let p = -14028 - -21754. What is the units digit of p?
6
Suppose -36 - 10719 = 15*s. Let j = 78 - s. What is the tens digit of j?
9
Let p be ((2/(-12))/1)/(12/(-216)). What is the thousands digit of 346*p*9/9?
1
Let x be (-22)/33*(49/2 + 1). Let h be (-1 - 0)*(2 + x). Let m = 66 - h. What is the tens digit of m?
5
Let j(y) = -4*y - 98. Let q be j(-14). What is the hundreds digit of (q/2)/((-15)/250)?
3
Let r(y) = -y + 6. Let k be r(4). Suppose w = j - 8, -3*j - k*j = 4*w - 76. Suppose j*d - 171 = 9*d. What is the units digit of d?
7
Let t(y) = 166*y + 22. Let m be t(8). Suppose -450 = -n + 4*x, -m = -5*n + 2*n + 4*x. Suppose -n = -13*i + 668. What is the tens digit of i?
8
Suppose -21*d + 146 + 1 = 0. Suppose -5*h + d*h - 1232 = 0. What is the tens digit of h?
1
Let v(a) = 9*a - 5. Let l be v(5). Let u = l + -33. Suppose -u*m + 22 + 48 = 0. What is the units digit of m?
0
Let x = -18495 + 39972. What is the tens digit of x?
7
Let n = 4280 + -1976. What is the tens digit of n?
0
Suppose 0 = -7*i + 13887 + 4523. Suppose 0 = 4*q + 2*z + z - 2104, -5*q - 4*z + i = 0. What is the units digit of q?
6
Let u = 51148 + -36509. What is the ten thousands digit of u?
1
Suppose 0*k = -k - 2*f, 0 = -4*k + 4*f. Suppose 0 = z - k*z - 475. Let x = z + -285. What is the tens digit of x?
9
Let n(a) = a**3 + 50*a**2 - 24*a + 339. What is the tens digit of n(-46)?
0
Let q(j) = -3*j**2